 32/(-14). Let k(c) = -11*c - 41 + 37 + 18*c. Let m be k(y). What is the highest common divisor of m and 20?
10
Suppose 0 = 2*l + l - 6. Suppose 16 = l*q + 2. Calculate the highest common factor of 21 and q.
7
Let o(w) = -313 + 2*w + 3*w + 303. Let a be o(4). What is the greatest common divisor of a and 80?
10
Let u(t) = -4*t**3 - 3*t**2 - 11*t - 2. Let l be u(-2). What is the highest common factor of 70 and l?
10
Let x(j) = 12*j - 37. Let s be x(7). Suppose -a = -2*r + 87, r - s + 5 = 2*a. What is the greatest common divisor of 4 and r?
4
Let y(v) = 103*v - 265. Let k be y(3). What is the highest common divisor of 242 and k?
22
Suppose -j - 4*j + 3*s = -354, 5*s - 226 = -3*j. Let y = 3 - 1. Suppose 0 = y*x - 8 - 8. Calculate the highest common divisor of x and j.
8
Let y = 162 + -158. What is the greatest common factor of y and 6?
2
Let b(m) = -3*m**3 - 30*m**2 - m - 6. Let o be b(-10). What is the highest common factor of 74 and o?
2
Suppose 36 = l - 4. Suppose 3*k - 24 = -d, 0*k + 4*d = -5*k + l. Let p(j) = j - 2. Let v be p(10). Calculate the greatest common factor of k and v.
8
Let r = 118 - 105. Let m(h) = h**3 - 5*h**2 - 7*h + 6. Let w be m(6). Let a be 14 + (-2 - -1 - w). What is the greatest common factor of r and a?
13
Let m be 57/(4/2*5/270). Let v be m/27*4*(-1)/(-6). What is the highest common factor of v and 57?
19
Let x(h) = 4*h + 18. Let d be x(3). Let q = 27 - 21. Calculate the highest common divisor of q and d.
6
Let l(r) = -13*r - 8. Let a(q) = -q - 1. Let n(z) = 4*a(z) - l(z). Let j be n(2). What is the highest common divisor of j and 11?
11
Suppose -17*w = -13*w - 16. Suppose 4*q + 2*b - 196 = 0, -20*q = -15*q - 2*b - 236. What is the greatest common divisor of w and q?
4
Suppose k + 1 = -4, -3*k + 645 = 3*b. Calculate the highest common divisor of b and 88.
44
Let v = -1424 - -1942. What is the highest common factor of v and 14?
14
Let b = 80 + -36. Let h(z) = 3*z**2 - 2*z - 1. Let t be h(-1). What is the highest common divisor of t and b?
4
Suppose 3*k = 2*t + 2*k - 38, -2*t - 5*k = -26. Calculate the highest common divisor of t and 2.
2
Suppose -164*x + 1134 = -157*x. Calculate the highest common factor of x and 360.
18
Let g(p) = -p**2 - 22*p - 17. Let j be g(-19). Calculate the highest common divisor of j and 220.
20
Let i = -267 - -327. Calculate the greatest common factor of i and 3.
3
Let v = -206 - -143. Let a = 93 + v. Calculate the highest common factor of 40 and a.
10
Suppose -5*t - 29 + 4 = 0. Let j = t - -10. Suppose 0 = j*w - 5*g - 55, -21 = -2*w + g + 4. Calculate the greatest common divisor of 42 and w.
14
Let k(y) be the first derivative of y**4/4 + 13*y**3/3 + 13*y**2/2 + 15*y + 24. Let h be k(-12). Calculate the greatest common divisor of 15 and h.
3
Suppose 5*x + 5*t - 620 = 0, -t = -2*x + 12 + 248. What is the greatest common divisor of 24 and x?
8
Let b = -568 - -588. What is the highest common factor of b and 40?
20
Let l = -28 + 18. Let k(i) = i**3 + 11*i**2 + 7*i - 5. Let o be k(l). Suppose -4*j + o = -47. What is the greatest common divisor of j and 2?
2
Suppose 0 = -5*u - 3*y + 170, -3*u - 68 = -5*u + 3*y. What is the highest common divisor of 1258 and u?
34
Let j(m) = -6*m + 2. Let u be j(-4). Suppose 57*y = 58*y - 75. Let o = y + -62. What is the highest common divisor of o and u?
13
Let x(b) = -b**2 - 4*b + 1. Let f be x(-7). Let j = -26 - f. Let r be ((-128)/12)/(4/j). Calculate the highest common factor of r and 80.
16
Suppose -2*c + 4*m = 6 - 88, -2*c + 3*m + 77 = 0. Suppose -3*i + 2*i = -31. Calculate the highest common divisor of i and c.
31
Let w be (-4)/(-3)*(-21)/(-2). Let v = -22 - -26. Suppose -v*m - 3*q - 2*q + 606 = 0, m - 158 = 2*q. Calculate the greatest common divisor of w and m.
14
Let j be (-2)/(-2 - -2 - 1). Suppose 4 = -j*o + 38. Let q = 19 - o. Calculate the highest common factor of 2 and q.
2
Suppose 39*f - 43*f + 5*n = -415, -4*n = 5*f - 529. What is the greatest common factor of 126 and f?
21
Let u(k) = -k**3 - 60*k**2 - 117*k - 44. Let i be u(-58). Calculate the highest common factor of 119 and i.
7
Let h(u) = 2*u - 7. Let z be h(6). Suppose -z*w - 5*x + 40 = 0, 5*w + 0 - 31 = -2*x. Let q = 13 - w. What is the greatest common factor of q and 40?
8
Let i be (0 - 2) + 1 + 22. Calculate the greatest common divisor of i and 378.
21
Let k(w) = -w**2 + 15*w - 35. Let b be k(5). Suppose -11*c + b*c = 240. Calculate the greatest common divisor of 12 and c.
12
Let v(y) = -y**3 + 6*y**2 + 3*y - 11. Let o = -13 - -19. Let r be v(o). Calculate the highest common divisor of r and 49.
7
Suppose 375*t + 18816 = 382*t. What is the highest common factor of t and 84?
84
Suppose t + 4 = 2*x + 80, -4*x + 24 = 0. Suppose -2*a + 8 + 14 = 0. Calculate the greatest common factor of t and a.
11
Let t(b) = -11*b + 1. Let m be t(-3). Suppose -5*j + 6 = -64. Let n = m - j. Calculate the highest common divisor of n and 60.
20
Let b(t) = -108*t. Let u be b(-1). Let k = 14 + -25. Let g(p) = p**3 + 10*p**2 - 10*p + 23. Let w be g(k). Calculate the highest common divisor of u and w.
12
Suppose -209*n = -208*n - 4. Suppose n*z = 3*z - 3*j + 23, 3*z - 2*j = 14. Let l = -23 - -39. What is the greatest common factor of l and z?
8
Let u = 45 - 40. Suppose 5*a = 4*r - 4 + 13, 3 = -2*a - u*r. Calculate the greatest common divisor of 2 and a.
1
Let l be (-2*1/5)/(39/(-3315)). What is the highest common divisor of l and 4?
2
Let n = 285 + -221. Calculate the highest common factor of n and 20.
4
Suppose 5*k - 4*k = 2. Suppose -k*y + 40 = -2*r, -3*r - 5*y - 26 = -2*r. Let x be (-140)/r*(-6)/(-2). Calculate the greatest common divisor of x and 80.
20
Let d be 19*3 + (83 - 91). What is the highest common factor of 1127 and d?
49
Let x(t) = -t**3 - 4*t**2 + 4*t. Let h be x(-5). Suppose -4*a - 5*l = -a - 48, -4*a + 99 = -h*l. What is the highest common divisor of a and 42?
21
Let x(r) = r - 104 + 143 - 3*r. Let w be x(-10). What is the greatest common factor of w and 177?
59
Let n = -663 + 1100. What is the greatest common divisor of n and 76?
19
Suppose -3*b + b + 10 = 0. Suppose 5*v + 36 + 41 = 4*a, 0 = 5*a - b*v - 95. Let x = a - 11. What is the highest common divisor of x and 77?
7
Let s(a) = -15*a + 3. Let d be s(-4). Suppose 27*o = 41*o - 126. What is the greatest common divisor of o and d?
9
Suppose -3*p + 9 = -o, -3*o + o - 2 = -2*p. Let i(g) = 3 + 5 + 2 - p + g. Let n be i(6). Calculate the highest common divisor of 4 and n.
4
Suppose -t = -4 - 17. Suppose -12*b + t*b = 1125. What is the highest common factor of b and 50?
25
Let z be 8 - (-4 + 13) - (1 - 37). Calculate the highest common factor of 5 and z.
5
Let n = -67 + 371. Suppose 21 = 5*s - n. What is the greatest common divisor of s and 13?
13
Let y = -108 - -62. Let g = 74 + y. Calculate the highest common divisor of g and 4.
4
Suppose -2*b = 2*b - 660. Suppose -b - 159 = -2*c. What is the greatest common divisor of c and 18?
18
Suppose 0 = 3*n + 1648 + 203. Let z = 1002 + n. What is the greatest common divisor of z and 35?
35
Let k be 6 + 1 + 85/17. Calculate the greatest common factor of k and 4092.
12
Let x = -157 - -207. Calculate the highest common divisor of x and 275.
25
Suppose 77*z - 53*z - 2160 = 0. What is the greatest common divisor of z and 162?
18
Let v = 99 - 64. Suppose -7*i + 10*i - 1155 = 0. Calculate the greatest common divisor of i and v.
35
Let r be (-12)/9*(702/(-104))/(4 - 1). Let w = -5 + 7. What is the greatest common factor of r and w?
1
Suppose -36 = -4*v - 4. Let d(b) = 13*b - 24 - v*b - 13*b. Let a be d(-17). What is the highest common divisor of 14 and a?
14
Let y be (-8 + 10)/(-1*2). Let x(n) = 141*n**2 + 3*n + 2. Let a be x(y). Calculate the greatest common divisor of 28 and a.
28
Let b(k) = -2*k**2 - 8*k + 14. Let w be b(-7). Let s be w/10 + 36/45. Let x be s/(-12) - 1618/(-12). Calculate the highest common divisor of x and 15.
15
Let q(j) = -184*j**3 + 2*j**2 - 1. Let h be q(-1). Let c be ((-12)/8 - -2)*-194. Let i = c + h. What is the highest common divisor of i and 8?
8
Let w be (3 - 0) + (1 - (1 - -1)). Suppose 0 = g - w, -4*k + 4*g = -0*g. Calculate the highest common factor of k and 10.
2
Let n(h) = 59*h. Let t be 28/49 + 6/14. Let k be n(t). Suppose -4*o + j + k = 0, -4*j + 2*j - 28 = -2*o. What is the gre